c(-7).
2
Suppose 5*t - 40 = 3*g, -19 - 1 = -4*t. Let j(h) be the second derivative of -h**3/6 - 2*h. What is j(g)?
5
Let w(d) = -d**3 + 4*d**2 + d + 3. Suppose 31*x - 37*x = -24. Calculate w(x).
7
Let v(p) = -4*p**3 + 7*p**2 + 2*p - 7. Let f(h) = 6*h**3 - 11*h**2 - 3*h + 11. Let x(r) = -5*f(r) - 8*v(r). Calculate x(2).
11
Let g(h) = 2*h + 3. Suppose 0 = 3*o + 2*o + 10. Determine g(o).
-1
Let m be (16/10)/(7/105). Suppose -p = 3*p - m. Let u(i) = i - 3. What is u(p)?
3
Let m(a) = a**3 - 2*a**2 - a - 4. Let r be (-2 + 0 - -7) + -2. Determine m(r).
2
Let p be 6 - -2 - (4 + 1). Let m(q) be the first derivative of -1/3*q**p - 4 - 5*q + 1/2*q**2. Calculate m(0).
-5
Let d(f) be the third derivative of f**4/24 + 8*f**2. What is d(-4)?
-4
Let c(j) = 2*j + 5. Let h(w) = -w - 2. Let z(v) = -4*c(v) - 9*h(v). What is z(1)?
-1
Let p(x) = 4*x + 1. Suppose -5*j + 25 = -5*s, j + 7*s - 3*s = 0. Suppose 4*l - 5*l = -j*r - 1, 3*l = -r + 3. Calculate p(l).
5
Let d(q) = q**3 + 3*q**2 - q - 1. Let i be d(-3). Suppose 0 = 4*z + 4*z - 24. Let k(t) = -i*t**2 - 3*t + 5 + 3*t**2 - z*t. What is k(4)?
-3
Suppose 2 + 8 = 5*p. Let j(v) = v + 6 - 2*v + 0*v**2 + v**p. Give j(0).
6
Let f = -1 + 1. Let v(y) = y**3 + 2*y**2 + 2. Let b be v(-2). Let x(j) = -2*j**3 + 3*j**3 + 4 + 12*j**2 - 12*j**b. Calculate x(f).
4
Let j be (-12)/(-8)*32/6. Let o be (4/10)/(2/10). Suppose -x + h = -j, 28 = o*x - 5*h - 0*h. Let f(c) = -c**3 + 4*c**2 + 2*c - 2. Calculate f(x).
6
Let l(t) = -t**3 + t**2 - t - 4. Let x be l(0). Let v(r) be the second derivative of r**5/20 + r**4/4 - r**3/2 - r**2 + r. Determine v(x).
-6
Let p(c) be the third derivative of c**6/120 - c**5/20 - c**4/12 + c**3/2 - 2*c**2. Let i(g) = -g**3 + 13*g**2 - 13*g + 15. Let r be i(12). Calculate p(r).
-3
Let i(q) = q + 2. Suppose 2*c + 2*a = 14, 0*a - 17 = -3*c - a. Suppose 2*p = -3*s - 2*p, 0 = 2*s + c*p. Calculate i(s).
2
Suppose 0 = 2*b + m - 10, -4*b + 20 = 4*m - 5*m. Let g = 3 - b. Let u be g*3/(-12)*-8. Let l(k) = 3*k + 1. Determine l(u).
-11
Suppose d + 4 = -2. Let x(a) be the second derivative of -1/20*a**5 - 5*a + 0 - 1/2*a**2 + 0*a**3 - 1/2*a**4. What is x(d)?
-1
Let o(n) = -3*n**3 + n**2. Let a = 2 + 3. Let w(c) = -c**2. Let v(l) = -2*l**2 - 6*l + 6. Let r(m) = v(m) - 3*w(m). Let f be r(a). Give o(f).
-2
Let d(m) = -5*m + 3. Let o(t) be the third derivative of -t**4/12 + t**3/6 - t**2. Let y(w) = -6*d(w) + 17*o(w). What is y(2)?
-9
Let n(v) = -v + v**3 - v**2 - v**2 - 6*v**3. Let r = 3 + 2. Suppose 4*c - 1 = r*c. Determine n(c).
4
Suppose -23 = 4*c - 7. Let m(v) = v + 4. What is m(c)?
0
Let y(u) = u**3 - 3*u**2 + 2*u - 1. Suppose 6 = -2*a - 3*f, -3 = 3*a - f - 16. Determine y(a).
5
Let o = 2 + -7. Let f(l) = -l**3 - 6*l**2 - 6*l - 4. Determine f(o).
1
Let b(n) = -10*n + 20*n - 5*n - n**2 + 2 - n. Calculate b(4).
2
Let o(x) = -x**2 - x. Suppose 9 = -10*g + g. Calculate o(g).
0
Let t(q) = -q - 2. Let m(a) = -a. Let r(o) = -o**2 + 12*o - 5. Let f(h) = 3*m(h) + r(h). Let v be f(9). Give t(v).
3
Let v(a) = -5*a - 1. Let h(d) = d. Let x(t) = 11*h(t) + 2*v(t). Let p = 4 - -1. Give x(p).
3
Let i be (1 + -3 + 2)/1. Let f(z) = -3*z**2 + 3*z - 5. Let m(o) = o**2 - o + 3. Let x(k) = -2*f(k) - 5*m(k). Determine x(i).
-5
Let f(b) = -2*b**3 - 11*b**2 - 7*b - 4. Let a(c) = 3*c**3 + 17*c**2 + 11*c + 6. Let x(p) = 5*a(p) + 8*f(p). What is x(-3)?
1
Suppose 2*w + 1 - 3 = -2*c, -3*c + 7 = -w. Let h(g) = -g**3 + 2*g**2 - g + 2. Calculate h(c).
0
Let n(o) be the third derivative of -o**5/60 + 23*o**2. What is n(1)?
-1
Let f(g) be the third derivative of g**8/1344 - g**7/1260 - g**6/720 + g**4/24 - 10*g**2. Let r(b) be the second derivative of f(b). Determine r(-1).
-6
Let m(g) = 1996 - g - 2000 + 3*g. Determine m(2).
0
Let n(z) = 6*z**3 + z**2 - z + 1. Let k(l) = -l**2 - 9*l - 7. Suppose 3*q - 12 = -3. Let g be (-92)/12 - 1/q. Let u be k(g). Give n(u).
7
Let i(p) = 2*p + 3. Suppose u - 52 = 14*u. Calculate i(u).
-5
Suppose 4*j = 2*h + 10, -2*j + 6*j + 3*h + 15 = 0. Let l(f) = -f**2 - f + 9. Determine l(j).
9
Let g(l) be the second derivative of l**3/3 - 5*l**2/2 + 7*l. Give g(4).
3
Let n be 3/12*-2*-14. Let d(p) = -2*p + 6 - 3 - n. Calculate d(-3).
2
Let o(m) = -3 + 8*m - m**3 + 2 + 11 - 6*m**2. Give o(-7).
3
Let g(u) = 4*u + 25. Let n be g(-7). Let j(s) = -s**3 - 3*s**2 - 3*s - 4. Calculate j(n).
5
Let w be (-5)/(75/6)*-5. Let z(a) be the second derivative of 7/2*a**w + 0 + 1/2*a**3 - a. What is z(-5)?
-8
Let j(i) be the first derivative of i**4/4 - 2*i**3/3 + 3*i**2/2 - 3*i - 1. Let p be j(2). Let z(b) = p - b - 2*b + 6*b. Determine z(-3).
-6
Let l(p) = -p**3 + 2*p**2 + 1. Let j be l(2). Let c = j + -1. Let i(z) be the second derivative of -z**4/12 - z**3/6 + 3*z**2 + 20*z. What is i(c)?
6
Let n(z) be the first derivative of 2*z**2 + 2*z + 33. Determine n(-2).
-6
Let f(k) = k**2 + 7*k + 1. Let q(v) = v**2 + 8*v + 1. Let r(d) = 6*f(d) - 5*q(d). Determine r(-2).
1
Let c(v) be the second derivative of v**3/6 + 3*v**2 - 14*v. Let x(n) = -2*n + 1. Let g be x(-1). Suppose 2*s + 25 = -g*s. What is c(s)?
1
Let x = -1 + 4. Let q be x/9 + (-7)/3. Let l(k) = -k + 2. Give l(q).
4
Let z(k) = -7*k**3 - k - 4. Let j(o) = 13*o**3 + o**2 + 3*o + 8. Let t(p) = 6*j(p) + 11*z(p). Calculate t(-4).
8
Let r(l) = l**2 - 5*l + 6. Let b = -16 - -11. Let q be 2/(-5) + (-57)/b. Let h = q - 6. Calculate r(h).
6
Let j(g) = 3 + 0*g**3 + 0*g**3 + g**3 + 2*g + g**2. Suppose 2*k = 5*k + 6. What is j(k)?
-5
Let a(w) = -2*w**3 - w**2 - 3*w + 1. Let g(u) = 3*u**3 + 3*u**2 + 5*u - 3. Let j(r) = 5*a(r) + 3*g(r). Let s = 1 + 3. Calculate j(s).
-4
Let h(n) = -n**3 + 19*n**2 - 20*n + 38. Let o be h(18). Let b(v) = -2*v**2 + 1. Give b(o).
-7
Let d = 18 + -16. Let i(t) be the first derivative of -1/2*t**2 - t + d. What is i(5)?
-6
Suppose -4*r = -0*r + 8. Let j = r + 4. Let s(g) = -2*g - g**2 + 3*g**3 - 5*g**3 - g**j - 1. Give s(-1).
1
Let h(p) = p**2. Let r(m) = -6*m**2 + 4*m - 2. Let t(q) = 5*h(q) + r(q). Suppose 2*a = u + 7 - 1, 40 = 4*a + 5*u. Let s = 10 - a. What is t(s)?
-7
Suppose d + 15 = -2*d. Let j(p) = p**3 + 6*p**2 + 7*p + 4. Give j(d).
-6
Let q(b) = b**3 + 5*b**2 + 3*b - 1. Let n be q(-4). Let w(d) = n - d**3 + 6*d + 2*d**3 - 11*d - 4*d**2. Determine w(5).
3
Suppose 2*u + 0 = 4. Let n(v) be the second derivative of 3*v - 1/2*v**2 + 0 + 1/20*v**5 + 1/3*v**3 - 1/6*v**4. Calculate n(u).
3
Let w(j) = 5*j**3 - 5*j**2 - 6*j + 6. Let q(u) = -u**3 + u**2 + u - 1. Let b(a) = -6*q(a) - w(a). Give b(2).
4
Let m(f) = -f**3 - 3*f**2 - f - 1. Suppose -3*r - 2*g + 1 = -0*g, -4*r - 2 = 2*g. Let t(j) = 2*j - 13. Let d be t(6). Let k = r - d. Determine m(k).
-3
Suppose -12 = -4*l - 3*r, -2*l + 2*r + 6 = r. Let i(j) be the second derivative of 2*j + 1/2*j**2 + 1/20*j**5 + 1/6*j**4 + 0 + 1/3*j**l. What is i(-2)?
-3
Let f(l) = -4*l**2 + 4*l + 3. Let r(j) = -j**2 + j + 1. Let c(a) = -2*f(a) + 9*r(a). Let t be -1*(-3 + 2) + -4. Let i = t + 3. Calculate c(i).
3
Let x = 102 + -102. Let b(q) = -q**3 - 18. What is b(x)?
-18
Let h = -6 - -4. Let a(c) = -19*c + 4. Suppose d + 8 = -l, 5*d - d - 2*l = -20. Let t(k) = -9*k + 2. Let n(o) = d*a(o) + 13*t(o). Calculate n(h).
8
Let a be ((-15)/(-6) - 3)*-18. Let y(t) = -7*t**3 + 5*t**2 + 12*t - 5. Let m(f) = 3*f**3 - 3*f**2 - 6*f + 2. Let g(o) = a*m(o) + 4*y(o). What is g(-6)?
-2
Let r(q) = q**2 - q + 10. Suppose -4*a + a = -v - 28, 5*a - 3*v = 44. Let m = -8 + a. Suppose -b - 5*l = -2*l, 0 = -m*b + 2*l. Give r(b).
10
Let i = 24 + -26. Let u(m) = -m + 4*m**3 - 2 - m**3 - 2*m**3. Determine u(i).
-8
Let n(j) be the third derivative of j**5/120 - j**4/12 - j**3/3 + 4*j**2. Let u(x) be the first derivative of n(x). Calculate u(3).
1
Let n(g) = -g**3 + 10*g**2 - 9*g + 2. Let x be 2 - -2 - -4 - -1. Determine n(x).
2
Let t(d) = -4*d**3 - 1. Let l(m) = m**3 - m**2 + m + 1. Let b(u) = 3*l(u) + t(u). What is b(-3)?
-7
Suppose -4*r = -3*r - 2. Suppose -c - 3*a - 8 = 5, 11 = 3*c - a. Let m(g) = 0*g**r + 0*g**c + 3*g - 2 - g**2. Determine m(3).
-2
Let v(r) = r - 1. Let b be v(0). Let m = 0 - b. Let a(p) be the third derivative of -p**6/24 - p**5/30 + p**3/6 + 2*p**2. What is a(m)?
-6
Let l(t) = t**3 - 7*t**2 + 9*t + 2. Let x(d) = 3*d**3 - 21*d**2 + 27*d + 7. Let j(c) = 7*l(c) - 2*x(c). Determine j(6).
18
Let w(p) be the third derivative of -p**6/120 + p**5/15 + 5